 the prime factors of n(9).
2
Let n be (-5 + 8)*(-2)/(-3). Suppose 0 = -v - 5*i + 97, 0*i + 10 = n*i. List the prime factors of v.
2, 3
Let a = 35 - 35. Suppose -8*f + 7*f + 13 = a. List the prime factors of f.
13
Let c(i) be the third derivative of -19*i**4/24 + 31*i**3/3 - 40*i**2. List the prime factors of c(-8).
2, 107
Suppose a = -2*c, 14*c = 5*a + 9*c + 45. Suppose 3*q = -5*f + 37, 5*q + 8*f - 5*f - 51 = 0. What are the prime factors of q*2/(-4)*a?
3
Let l(w) = w**2 + 2*w + 244. Let g be l(0). Suppose f - 4*f = q - 52, -3*f = 4*q - g. What are the prime factors of q?
2
List the prime factors of 4538/4 + (-159)/106.
11, 103
Suppose 0 = y + 5*y - 786. List the prime factors of y.
131
Let n(v) = -218*v + 973. What are the prime factors of n(-14)?
5, 7, 23
Let s = -11 + 14. List the prime factors of (-10)/(-15)*3 + s.
5
Suppose 0*h = -3*h + 18. Suppose -15 = 3*z - 3*l, -3*z - 14 = -5*z - 4*l. List the prime factors of (57/h)/(z/(-2)).
19
What are the prime factors of (118/(-6))/(4/(-324))?
3, 59
Suppose 6 = -4*s - 18. Let f = s + 7. Suppose 5 = 2*o - f. What are the prime factors of o?
3
Suppose -2*p - 7*c = -2*c - 3517, c = -p + 1757. What are the prime factors of p?
2, 439
Suppose 0 = 8*s + 783 - 79. Let f = -44 - s. What are the prime factors of f?
2, 11
Let r = 2235 + -1312. What are the prime factors of r?
13, 71
Let a = -82 + 136. Suppose 0 = -0*b + 4*b. Suppose b = -k - k + a. What are the prime factors of k?
3
Suppose 5*d - 2*k + 428 = 7*d, 0 = 3*d - k - 650. List the prime factors of d.
2, 3
Let w be (-15)/(-4) + (-3)/(-12). Let a be (-2)/w + (-830)/(-20). Let x = a - 12. List the prime factors of x.
29
What are the prime factors of (-133)/(-28)*-7*-4?
7, 19
Suppose -15*b + 2786 = -3994. What are the prime factors of b?
2, 113
List the prime factors of -80*(-70)/10 + 5.
5, 113
Let h(b) = b**3 - 3*b + 1. Let u be h(2). Suppose -2*a - 3*a = -u*i + 59, -6 = -2*i. What are the prime factors of (-6 - a) + 2/1?
2, 3
Let o(g) = g**2 + 74. Let b be o(0). Suppose 50 = 2*j - b. Let h = j + -32. List the prime factors of h.
2, 3, 5
Let s = -8 + 8. Let y(k) = -k**2 + k + 2. Let l be y(0). Suppose -3*x + 4*x - 2 = s, 0 = -4*t + l*x + 76. List the prime factors of t.
2, 5
Let a(b) = -9*b + 10. Suppose -5*y = -2*p - 10, p - 5 = 2*p + y. What are the prime factors of a(p)?
5, 11
Suppose 2*a = 4*x + 486, 7*x = 3*a + 3*x - 729. List the prime factors of a.
3
Let w be (6/2)/(9/165). Suppose 0 = 4*a - 9*a + w. Let u = 21 - a. What are the prime factors of u?
2, 5
Let c = -33 - -249. Let p = -97 + c. List the prime factors of p.
7, 17
Suppose l - 2115 = -3*l - 5*s, 4*l - 2123 = 3*s. What are the prime factors of l?
2, 5, 53
Let k be (-3)/(12/(-16)) - (6 - -1). List the prime factors of 21 + 0*k/(-9) + 4.
5
Suppose -5*j + 13 = -5*w + 63, 5*w = j + 50. Suppose 2*k - 19 = -4*n + n, 0 = -2*n + w. Suppose -k*x = x, -11 = -v - x. List the prime factors of v.
11
Let l = 18 + -22. List the prime factors of (-3)/(-12) - 311/l.
2, 3, 13
Let i(q) = -q**2 - 9*q + 26. Let g be i(-10). Let d(z) = z**3 - 15*z**2 - 11*z - 12. What are the prime factors of d(g)?
2, 17
Let n = -15 + 29. Let b = n + -9. List the prime factors of 2/(-4)*(-270)/b.
3
Let q(f) = f + 11. Let n be q(-8). Suppose n*x - 348 + 27 = 0. List the prime factors of (-8)/20 + x/5.
3, 7
Suppose -4*g + 25 - 9 = 0. Suppose -2*b + p = -4*b + 415, -g*p = 4*b - 832. What are the prime factors of b?
3, 23
Let q = 1452 - 209. List the prime factors of q.
11, 113
Suppose 0 = t - 3 - 3. Suppose -t*o = -164 - 4. What are the prime factors of o?
2, 7
Suppose -g - 17 = 4*u + u, -3*g - 3*u = -9. Suppose g = 4*p, -4*z + p + 412 = -p. What are the prime factors of z?
2, 13
Suppose -l + 20 = 5*y, -y = -l + 12 + 8. Let r = -18 - -27. Let s = l - r. List the prime factors of s.
11
Let q(j) be the first derivative of -j**3/3 + j**2 + 5*j + 10. What are the prime factors of q(0)?
5
Let b(n) = n + 5. Let u be b(-5). Suppose z + 4*f + 0*f - 51 = u, 2*z = -3*f + 77. Let q = z + -3. What are the prime factors of q?
2, 7
Let g(d) = 3*d + 2. Let r be g(0). Suppose -4*t - 2*j + 592 = 0, -4*t + r*t = 3*j - 292. List the prime factors of t.
149
Suppose 0*z + 16 = z. Suppose g - 56 = -2*r, -4*g + z + 88 = 4*r. Let u = -14 + r. What are the prime factors of u?
2
Let i(w) = 2 + 23*w - 4*w + w**2 + w. Let x be i(-18). Let o = -15 - x. List the prime factors of o.
19
Let s = -162 - -205. Let t = -17 + 28. Let a = s - t. What are the prime factors of a?
2
Let p = -75 - -52. Let l = 27 + p. Suppose -l*w = t + 9, -w = t - 3 - 0. What are the prime factors of t?
7
Let i(z) = z**3 - 9*z**2 - 19*z - 4. Let l(k) = k**3 - 10*k**2 - 19*k - 4. Let o(w) = 5*i(w) - 4*l(w). What are the prime factors of o(8)?
2, 3
Suppose 0*y = -7*y + 21. Suppose -59 - 43 = -y*k. What are the prime factors of k?
2, 17
Let t be ((-513)/(-18))/(1/2). Suppose 0 = -j - 2*j + t. What are the prime factors of j?
19
Let w = 12 - 7. Suppose 3*f = w*q - 214, 4 = 5*f - 6. What are the prime factors of q?
2, 11
Let v be -1 + 3 + -5 + 10. Let h = v + -8. List the prime factors of (5 - 2) + (-15)/h.
2, 3
Let p(f) be the first derivative of -f**2/2 + 10*f + 4. What are the prime factors of p(7)?
3
Let g = 44 - 41. Let b be (1 - 0)/((-4)/(-4)). Suppose -20 = -2*s + o, g*s + 2*o + b = 31. List the prime factors of s.
2, 5
Suppose 2991 = 5*y - 3619. List the prime factors of y.
2, 661
Let d be 1/(3 - 28/10). Suppose 4*a + 4*j - 64 = 0, 0 = d*a - 3*j + 2*j - 62. What are the prime factors of a?
13
Let g = 1492 + -355. List the prime factors of g.
3, 379
Let x(l) = -l + 8. Let u(t) = t**2 + 6*t. Let z be u(-3). List the prime factors of x(z).
17
Suppose 2*h - 6 + 4 = 0. What are the prime factors of h/4 + (-14)/(-8)?
2
Suppose c + 2*c = -27. List the prime factors of c/(81/(-78))*3.
2, 13
Let x(p) = 33*p**3 - 7*p**2 + 7*p + 2. What are the prime factors of x(2)?
2, 3, 7
Let t = 46 + -39. Suppose -t*g = -8*g + 6. What are the prime factors of g?
2, 3
Let p(v) = 4*v**2 + 11*v - 14. What are the prime factors of p(-7)?
3, 5, 7
Suppose -35*o + 10160 = -1845. What are the prime factors of o?
7
Suppose -171 = -o + 4*r - 26, -4*r - 278 = -2*o. Let m = o - -14. List the prime factors of m.
3, 7
Suppose 5*j - 25 = 0, 5*j = 11*n - 10*n - 965. List the prime factors of n.
2, 3, 5, 11
Suppose 6*n - 454 = 14030. What are the prime factors of n?
2, 17, 71
Let w = 2199 - 856. What are the prime factors of w?
17, 79
Let k(n) = n**3 - 11*n**2 - 11*n - 10. Let b be k(12). Suppose b = -a + 7. Suppose -a = -y + 10. List the prime factors of y.
3, 5
Let q = 550 - 333. List the prime factors of q.
7, 31
Let z be 2 + -1 + 164/4. List the prime factors of 2*3/14 - (-1326)/z.
2
Suppose -8*y - 2609 = -9*y + 3*g, -5*g = -y + 2603. List the prime factors of y.
2, 7, 11, 17
Let y(l) = -2*l + 11. Let b be y(5). Let u be (0/4)/4*b. Suppose -4*w + 3*w + 17 = u. What are the prime factors of w?
17
List the prime factors of (35092/(-186))/(2/(-21)).
7, 283
Let v(f) = f + 9. Let b be v(-2). What are the prime factors of b/4*20/(-25)*-5?
7
Let p(m) be the third derivative of -m**5/60 + m**4/6 - m**3/6 + 5*m**2. Let c be p(4). List the prime factors of c - (-3 - -2 - 14).
2, 7
Let m be (-69)/(-6) - (-2)/4. Let a(w) = 3*w - 2*w**2 + m*w**2 - 2*w**2 - 20 + w**3 + 4. What are the prime factors of a(-7)?
2, 3
Let d(f) be the first derivative of f**6/360 - f**4/12 + 2*f**3 - 5. Let v(q) be the third derivative of d(q). What are the prime factors of v(7)?
47
Suppose -1528 = 9*f - f. Let x = f - -397. List the prime factors of x.
2, 103
Suppose 9*s - 754 = 83. List the prime factors of s.
3, 31
Suppose -37*w + 4285 = -6815. List the prime factors of w.
2, 3, 5
Let u(n) = 32*n - 2. Let d be u(-2). Let s = 38 + d. Let b = s + 62. List the prime factors of b.
2, 17
Let k(r) be the first derivative of 14*r**3 - 9. List the prime factors of k(1).
2, 3, 7
Suppose -865 = -4*v - v. Suppose -37 = -4*p - 2*w + v, 5*w = -3*p + 147. What are the prime factors of p?
2, 3
Let c = 10 + -10. Suppose 4*s + 4*u = c, u = -2*s + 3 - 1. Suppose -2*x = -6 + s. List the prime factors of x.
2
Let m(q) = 28*q + 309. What are the prime factors of m(53)?
11, 163
Suppose 0 = 5*j - 15, 9*l - 5*j + 352 = 10*l. List the prime factors of l.
337
Suppose -q